 + f. Suppose -u*n + 36 = n. What is the tens digit of n?
1
Let a(z) = z**3 - 3*z**2 + 2*z - 3. Let h be a(3). Suppose 0 = -h*j + s + 27, -5*s - 20 = -j - s. What is the units digit of 16/7 + j/(-28)?
2
Suppose -2*b + 498 = 2*s - s, 5*b + 2*s - 1244 = 0. What is the units digit of b?
8
Let y(n) = 4*n**2. Suppose 5*w + h + 4*h = 5, 5 = 3*w + 5*h. Let k = -1 + w. What is the units digit of y(k)?
4
Let a = 20 - 10. What is the tens digit of a?
1
Let o(s) = 3*s + 1. What is the tens digit of o(10)?
3
Suppose 5*l + h = 158, -l + 5*h + 42 = -0*h. What is the tens digit of l?
3
Let f = 63 + -43. What is the tens digit of f?
2
Suppose -a - 2*n + 31 = -5*n, n = a - 31. What is the units digit of a?
1
Let f = -101 - -148. What is the tens digit of f?
4
Suppose 6*r - 10*r + 536 = 0. What is the units digit of r?
4
Let r = -10 - -73. What is the tens digit of r?
6
Suppose 11 = -2*k + 9, k = 5*z - 296. What is the tens digit of z?
5
Suppose 0*d - d + 21 = -4*o, -o = -2*d + 70. Let j be 2/2 + 1 + 0. Suppose d = j*x + 7. What is the tens digit of x?
1
Suppose 2*t = 2 + 4. What is the units digit of t?
3
Let g(y) = y - 5. Let r(s) = s**2 + 2*s - 3. Let d be r(2). Let o be g(d). Let b = 5 - o. What is the units digit of b?
5
Suppose -4*f = 4*s, s = -6*f + 2*f - 15. Let q(w) = -1 - 4 + 0*w + s*w + 0. What is the tens digit of q(4)?
1
Let z(d) = -d**2 - 7*d + 2. Let q be z(-7). Suppose 10 - 4 = q*m. What is the units digit of (-26)/(-4) + m/(-6)?
6
What is the tens digit of 1/1*(26 + 1)?
2
Let l(a) = a**2 + 5*a - 12. What is the units digit of l(-9)?
4
Let l be 3/(-2)*(-10)/(-15). Let j = 4 - l. Let r(b) = -b**3 + 6*b**2 - 3*b - 2. What is the units digit of r(j)?
8
Let t(c) be the third derivative of -c**6/120 - c**5/60 - c**4/24 - c**3/2 + 4*c**2. Suppose 3 - 12 = 3*x. What is the units digit of t(x)?
8
Let o(j) = -j**3 - 19*j**2 - 43*j - 10. What is the hundreds digit of o(-17)?
1
Let s(o) = -8*o - 2. Let h be s(11). Let t = -47 - h. What is the units digit of t?
3
Let p be 8/((-3)/(3/(-2))). Let g be p/(2/50*2). Suppose -2*f - 5*n = -g, 5*f + n - 27 - 52 = 0. What is the tens digit of f?
1
Suppose 17 + 63 = 4*n. What is the tens digit of n?
2
Let n = -6 - -11. Suppose -z - n = 35. What is the tens digit of (-696)/z - 4/10?
1
Let t(m) = 3*m - 11 - 7*m + 2. Let d(z) = 2*z + 5. Let y(c) = -5*d(c) - 3*t(c). What is the units digit of y(2)?
6
Let k be 66/15 + (-4)/10. Let l be (-6 + 2)/(2/(-3)). Suppose -k*c = -l*c + 20. What is the units digit of c?
0
Suppose 0 = -9*n + 4*n + 1135. What is the tens digit of n?
2
Suppose 4*w + 8 = -4*s, -3*w - s = -5*s + 34. What is the units digit of (-14)/w - 2/6?
2
Suppose 3*r + 2*b - 5*b = 204, 0 = -4*r + 2*b + 280. Suppose r = 3*d - 12. What is the tens digit of d?
2
Let p(w) = -5*w + 3*w - 2*w - 5 - w**2. Let s be p(-4). Let g = 1 - s. What is the units digit of g?
6
Let k(n) = 2 - 4*n + 0*n**2 + n**2 + 3. What is the tens digit of k(6)?
1
Let a(o) = -5*o - 4 + 2*o + 3 - o. What is the units digit of a(-1)?
3
Let v = -1 - -1. Let n(i) = i**3 + i**2 + i + 6. Let h be n(v). Suppose -4*s + 5*r - 2 = 0, 4*r - 8 = -3*s + h. What is the units digit of s?
2
Suppose -n = 4*f - 955, 0 = -0*f + f + 5*n - 253. What is the tens digit of f?
3
Suppose -s + 29 = 4*f, -5*f = -s - 3*s - 52. What is the units digit of f?
8
Let a(d) be the second derivative of -d**5/4 + d**4/12 - d**2/2 - 8*d. What is the units digit of a(-2)?
3
Let n(a) = 5*a**2 - 41*a + 2. What is the units digit of n(11)?
6
What is the units digit of (-10 + -1)/(0 - 1)?
1
Suppose -7*z = -2*z - 375. Suppose 0 = -y + 5*v, 0 = -4*y - 2*v - 3*v + z. What is the tens digit of y?
1
Let y = 1 + 3. Let w = 9 + y. What is the units digit of w?
3
Let l(t) = 6*t + 7. Let d(u) = 5*u + 7. Let q(f) = 7*d(f) - 6*l(f). Let a be q(0). Let s = a - 1. What is the units digit of s?
6
Let i(r) = -3*r + 7. What is the units digit of i(-20)?
7
Suppose 60 = 2*z - 5*z. Let a = -8 - z. What is the units digit of a?
2
Let l be -3 + 3/(-6)*-6. Let u(v) = 2*v**3 - 2*v**2 - 2*v + 1. Let y be u(2). Suppose l = -y*h - 4*g + 40, 5*h - 2*g - 25 = -3*g. What is the units digit of h?
4
Let h be 0 - -3 - (-4 + -3). Suppose c - h = 2*c. What is the tens digit of ((-8)/5)/(1/c)?
1
Let j be 2/(-15) - 77/(-15). Let r(s) = -6*s + 2*s + 0 + s**2 + 1. What is the units digit of r(j)?
6
Let q(l) = -4*l**3 + 2*l**2 - 2*l + 2. Let f be q(2). Let j = f - -53. What is the units digit of j?
7
What is the tens digit of -3 - (-46 + 1 + 3)?
3
Let x(q) = -q**3 - 8*q**2 + 9*q + 10. Let f = 5 - 1. Suppose -f*l - 45 = l. What is the tens digit of x(l)?
1
Let k be (-1)/(-1) + -5 + 5. Let d(h) = 5*h**3 + 2*h**2 - h. What is the units digit of d(k)?
6
Let u be ((-5)/2 - -3)*8. Suppose -d = u*d - 25. What is the units digit of d?
5
Let r = 250 - 140. Suppose 5*b - 3*b = r. What is the units digit of b/25 + 1/(-5)?
2
Let p(t) = 80*t - 8. What is the units digit of p(1)?
2
Let t = 29 - 17. Suppose -i = 2*i - t. What is the units digit of i?
4
Let y = -138 + 224. What is the tens digit of y?
8
Let i(l) = -13*l**3 - 2*l**2 - l. Let a = -6 + 5. What is the tens digit of i(a)?
1
Let k(o) = -o**3 + 6*o**2 + o + 6. Let b = 8 - 3. What is the tens digit of k(b)?
3
Suppose 2*s + 117 = 2*p - p, 4*s = -3*p - 219. What is the tens digit of s/(-5) + (-10)/25?
1
Let q(k) = k**3 + 2*k**2 - k - 1. Let n be q(-2). What is the units digit of ((-2)/(-4))/(n/2)?
1
Let j(n) = 0 + 3*n + 4 + n. What is the tens digit of j(3)?
1
Let l = 544 - 250. What is the hundreds digit of l?
2
Let a = -83 - -117. Suppose 0 = -3*u + u + a. What is the units digit of u?
7
What is the tens digit of (-2)/10 + 182/10?
1
Suppose 2*w = 6 + 2. Let u(a) = a**3 - 3*a**2 - 3. What is the tens digit of u(w)?
1
Suppose 2*y - 2 = 2. What is the units digit of y?
2
Let d(n) = -n - 1. Let p be d(3). Let z = p + 2. What is the units digit of (3/(-3))/(z/8)?
4
Let u = 6 - 40. Let f = 82 + u. What is the units digit of f?
8
Let v = 2 + -5. Let x be 1/1*v - -2. What is the units digit of 8 - (0 + x)*-1?
7
Let d(a) = -a**2 - 14*a + 4. What is the units digit of d(-12)?
8
Let o be 2/7 + 80/14. Let t = o + -6. Suppose 0 = 3*n - 6*n - 5*k + 16, t = -4*n + 2*k + 30. What is the units digit of n?
7
Let g = 45 - 31. What is the tens digit of g?
1
Let x = -160 - -253. What is the units digit of x?
3
Let j(r) = r - 6. Let b be j(6). Let g be b/((-1)/2*-4). Suppose -3*s - 3*c = -3 - 0, g = -3*c. What is the units digit of s?
1
Let k(h) = h + 5. Let f be k(-3). Suppose 0 = 3*p + f - 41. What is the tens digit of p?
1
Let s(l) = l**3 + 14*l**2 + 6*l + 7. What is the units digit of s(-8)?
3
Let g = 16 - -3. What is the units digit of g?
9
Suppose 45 + 10 = 5*v. What is the tens digit of v?
1
Let k = 85 + -45. Suppose a = 4*i + 8, -5*a = -0*i + i - k. What is the units digit of a?
8
Suppose 0 = g + i + i - 3, 0 = 4*i. Suppose 0 = 4*j + 5*x - 2, -5*j + 9 = -0*x + g*x. What is the units digit of j/(8 - -1)*3?
1
Let v(r) = -22*r + 4. Let n be v(-3). Suppose -4 = 5*i - 4*y - 119, 0 = 5*i + 5*y - n. What is the units digit of i?
9
Let f = -7 - -3. Let b(c) = -c**3 - 3*c**2 + 2*c + 1. What is the units digit of b(f)?
9
Suppose -7*i + 1530 = 3*i. What is the units digit of i?
3
Let m(t) = -t**2 - 7*t. Suppose 19 = 5*y + 59. Let g = -13 - y. What is the tens digit of m(g)?
1
Suppose 0 = -n + 2*n - 2. Suppose -20 = -n*y + 14. What is the units digit of y?
7
What is the tens digit of (20/(-15))/((-4)/150)?
5
Let c(q) = q**2 - 4*q - 2. What is the tens digit of c(10)?
5
Let c(x) = -3 - x + 3 - 2. Let a be c(-6). Let u = -1 + a. What is the units digit of u?
3
Suppose -4*v + 100 = v. What is the units digit of (-2)/5 + 88/v?
4
Suppose 5*r = -2*q - 3*q + 215, -3*q = -3*r + 123. What is the tens digit of r?
4
Let n(b) = -4*b + 17. Let g(i) = -i + 4. Let h(t) = 26*g(t) - 6*n(t). Let a be h(-2). What is the units digit of 16/a + 5/15?
3
Suppose -3*j + 367 = 5*m + 8, 0 = -5*m - 25. What is the hundreds digit of j?
1
Let k = 2 + -1. Suppose -v = -n - k, -n + 14 = 4*v - 5. Suppose n*r - r = -j + 14, 5*r = 15. What is the units digit of j?
8
Let u = -5 + 10. What is the units digit of 9 - 5/(u/2)?
7
Let d = 10 + -5. Let m(z) be the third derivative of z**4/12 - z**3/6 + 3*z**2. What is the units digit of m(d)?
9
Let 